culate the highest common factor of d and 29646.
122
Suppose -2*t + 2*v - 606 = -4*t, -3*v = -t + 291. Let w(b) = 10*b - 178. Let d be w(19). Calculate the highest common factor of d and t.
12
Suppose 0 = -3*f - 0*f + 7*q + 218, 0 = -f + 4*q + 86. What is the greatest common divisor of 41 and f?
1
Suppose -4*y + 2*f + 13 + 4927 = 0, 4*y - 4892 = -6*f. What is the highest common divisor of 728 and y?
56
Let n be (-21 + 133)/(56/16). Calculate the highest common divisor of 14 and n.
2
Let g = 4245 + -4070. What is the highest common factor of g and 315?
35
Let q be (-24 - -106)/((-2)/(-3)). Let r be (29/(-2))/((-1)/(-6)). Let l = r + q. Calculate the highest common factor of 18 and l.
18
Suppose 64 = k + 95*h - 99*h, -3*k = 4*h - 144. Let b(r) = 9*r**2 - 7*r - 2. Let z be b(-6). What is the highest common divisor of k and z?
52
Suppose 0 = -11*d + 16*d - 1430. What is the greatest common factor of 330 and d?
22
Let r = -8873 + 10226. What is the greatest common factor of r and 205?
41
Let j(p) = -p - 3. Let t(z) = 4*z**3 + z**2 + 3*z + 1. Let o be t(-1). Let y be j(o). Suppose -4*w + 32 = -y*w. What is the greatest common factor of 128 and w?
16
Let x = 16227 - 8781. What is the highest common factor of 102 and x?
102
Let j = 80 - 14. Let b be ((-12)/j - (-2)/11)/(-2). Suppose -4*c + 2*l + 64 = b, 4*c - 50 = 4*l + 18. What is the greatest common factor of c and 6?
3
Let x = -7675 - -8158. What is the highest common divisor of 84 and x?
21
Let n be 104/10 - 4/10. Suppose -1022307*c - 45220 = -1022573*c. Calculate the highest common factor of n and c.
10
Suppose 0 = 900*m - 970*m + 8960. Calculate the highest common divisor of 20 and m.
4
Let a be 172*184/10 + (-94)/(-470). Calculate the highest common factor of 30 and a.
15
Suppose 216 = 2*r - 264. Suppose 4*t = -5*m + 202 + 48, 0 = 2*m - 2*t - 100. Suppose 2*d - 70 = m. What is the greatest common divisor of d and r?
60
Suppose -p = 2*q - 33, p - 2*q - 25 = -0*p. Let j = p + -2. Suppose -54 = -f + j. What is the greatest common divisor of f and 54?
27
Suppose -25*p + 6492 = -5525 - 3258. What is the highest common divisor of p and 94?
47
Let s = -19 - -41. Suppose 5*t = 15 - 195. Let v be (-6)/(-4)*(-5808)/t. What is the highest common factor of v and s?
22
Suppose 4*o - 153 = 199. Let w = 391 - 389. Suppose -w*y + 56 = -3*d, -2*y = 4*d - 8*d - 60. Calculate the highest common factor of o and y.
22
Let m = 206 - 203. Suppose -3*n + 1815 = -3*y + 6*y, -1807 = -m*y + n. What is the greatest common divisor of 9 and y?
9
Suppose -4*l + 0*l = -16. Let i be (124 + 4)/(-32) - 9/(-1). Calculate the greatest common factor of i and l.
1
Let t(z) = -14*z**3 - 206*z**2 + 32*z + 21. Let g be t(-15). Calculate the highest common divisor of g and 35.
7
Let p(u) = u**2 - 3*u - 8. Let h = -51 + 55. Let l be p(h). Let m be (-6)/24 + (-393)/l. Calculate the highest common factor of 147 and m.
49
Let w be (-2)/((-42)/(-3591)*(-3)/6). Calculate the highest common divisor of w and 513.
171
Suppose -2*o + 15 + 11 = 0. Let j = o + -3. Suppose 5*p = 1 + 24, 5*r + 5*p - 375 = 0. Calculate the highest common factor of j and r.
10
Let w = -430 + 490. Let g be 8008/10 + 6/w*2. Calculate the greatest common factor of 9 and g.
9
Suppose 412 = 15*w - 13*w. Suppose 2*u - 2*h = -w, 2*u - 6*u - 398 = 3*h. Let j = 60 - u. What is the highest common divisor of 23 and j?
23
Let b be (14/(-21))/(2276/570 + -4). Suppose 5*o = 5*z - b + 1860, 3*z + 3 = 0. What is the highest common factor of 32 and o?
32
Let v be 8/(60/68 - 1). Let l = v - -586. Let k = -364 + l. Calculate the greatest common factor of k and 22.
22
Let p(d) = -23*d**3 + 10*d**2 + 5*d - 22. Let s be p(-2). What is the greatest common factor of 624 and s?
48
Let f(m) = -927*m + 4645. Let k be f(5). Calculate the highest common divisor of k and 722.
2
Let n = -223 + 218. Let m be 43/1 - 10/n. Suppose x = 2*a + 3*x - 116, 4*a = -x + 238. Calculate the highest common divisor of a and m.
15
Let i = 642 + -624. Suppose y - 5*k = 135, -13*y + i*y + 4*k = 791. Calculate the highest common divisor of 5 and y.
5
Suppose -2*o - 37*b + 40*b = -62, -2*b = 5*o - 212. What is the greatest common divisor of 5420 and o?
20
Let i be (1692/(-8) - -6)*(-12)/9. Calculate the greatest common factor of i and 411.
137
Let o be (-256984)/(-312) + 26/6. What is the greatest common divisor of 24 and o?
12
Suppose -2*d = -v - 2*v - 10, -2 = -v. Suppose -73 = -d*k - 25. Suppose -k*u - 24 = -a - u, -a - 3*u = 0. Calculate the highest common factor of a and 27.
9
Let s be ((-3)/4)/(-1 + 317/316). Let a = s - -332. Calculate the greatest common factor of a and 114.
19
Suppose -22*i + 69119 = -62287. What is the highest common factor of 66 and i?
33
Suppose 5*f + 3*t = 3084, -3*t - 1891 = -3*f + t. Calculate the greatest common factor of 351 and f.
27
Suppose 1798 = 78*m - 27608. Calculate the highest common factor of m and 1053.
13
Let s be 1 + (-20)/((-3)/(-15)*(-105)/84). Calculate the highest common factor of s and 72.
9
Suppose h = 4*r + 28, 22*h - 25*h - 2*r = -98. Suppose 0 = 5*p - 24*g + 25*g - 81, -4*g + 84 = 5*p. Calculate the highest common factor of h and p.
16
Let x be ((-24)/(-10))/(4/(-40)). Let w = x - -72. What is the highest common divisor of w and 80?
16
Let n = 50252 + -49845. Suppose t - 4*x - 15 = 0, -5 - 46 = -5*t - 4*x. Calculate the greatest common factor of n and t.
11
Suppose -5*i = -v - 9*i + 1077, -2*v + 3*i = -2143. Calculate the highest common divisor of v and 58.
29
Suppose -4*n = m + 19, -m + 4*n = -8 - 13. Suppose 0 = 4*l + 3 + m. Let r be l/(2 + -1)*-7. What is the greatest common factor of 28 and r?
7
Let t be (-85)/68 + 5172/16. Calculate the greatest common divisor of t and 896.
14
Let n = 3924 + -3870. What is the greatest common factor of n and 3?
3
Suppose 0 = -5*x - 27 + 32. Let g be 7/x + 19 + -17. Calculate the highest common divisor of g and 72.
9
Let w(x) = 39*x**2 + 4093*x - 125. Let o be w(-105). What is the greatest common divisor of o and 3893?
17
Let s(k) = k**3 - 39*k**2 + 105*k - 419. Let z be s(37). Calculate the greatest common divisor of 2600 and z.
104
Suppose -4286 + 194 = -6*u. Suppose 0 = 2*l - 21*b + 23*b - 132, 5*b + 228 = 4*l. Calculate the greatest common divisor of l and u.
62
Let c be (2/4)/(8*(-10)/(-10880)). Let n be ((-68)/(-16))/((-30)/(-4560)). What is the greatest common divisor of n and c?
34
Suppose -6*b + 7*b - 23 = 0. Suppose 0*c - 9 = -2*c + i, -5*i - b = c. Suppose c*k - 6 = 6. What is the highest common factor of 3 and k?
3
Let y(m) = m**2 - 114*m - 16743. Let f be y(-85). Suppose -3*b = 2 + 4, 5*l = 3*b + 3876. What is the greatest common factor of l and f?
86
Suppose -2*n - 1 = -2*s - 21, 3*n + s - 26 = 0. Suppose n*i = 823 - 211. Let j = 72 - i. What is the greatest common divisor of 44 and j?
4
Suppose 38*q - 24*q = 40222. What is the highest common factor of 39 and q?
13
Let s be (4/(-10))/((-12)/300). Suppose 3*u - 9*u + 372 = 0. Let p = 142 - u. What is the greatest common factor of s and p?
10
Let k(c) be the second derivative of -3*c**3 + 112*c**2 + c. Let b be k(11). Calculate the highest common factor of b and 247.
13
Let z(g) = 258*g - 55. Let b be z(6). Suppose -3*h = -2*n + b, 1492 = 2*n + 5*h - 9*h. Calculate the highest common divisor of 44 and n.
44
Suppose 50*q = 44*q + 42. Let c(r) = 13*r - 87. Let m be c(q). Let t = 60 + -20. Calculate the greatest common factor of t and m.
4
Suppose -2*i + 5*l + 18 = 0, 2*i + 5*l = 3*i - 14. Suppose -4*z - 2*x = -14, -7*x - 9 = -i*x. Let b = 21 + -19. What is the highest common divisor of z and b?
1
Let n be (-32 + 44)*91/3. Suppose n = 8*y + 6*y. Calculate the greatest common factor of 117 and y.
13
Let z be 60/870 + 460/58. What is the greatest common factor of 118 and z?
2
Let d(f) = -f**3 - 169*f**2 - 5*f - 822. Let t be d(-169). Let u be 574 - 3/(-1) - 2. What is the highest common divisor of t and u?
23
Suppose -3*p = 3*v - 195, -p + 5*v + 355 = 4*p. Let a be 93690/190 + 8/(-76) + 0. Let i = a + -323. Calculate the greatest common factor of p and i.
34
Let y(u) = 21*u - 38. Let h be y(11). Let m = h - 192. Calculate the highest common divisor of 17 and m.
1
Let v(t) = -228*t + 2796. Let g be v(12). What is the highest common divisor of g and 8420?
20
Let l(y) 